 by 32.
30
Calculate the remainder when 151 is divided by 27.
16
Calculate the remainder when 4599 is divided by 38.
1
Calculate the remainder when 299 is divided by 48.
11
Calculate the remainder when 1462 is divided by 77.
76
Calculate the remainder when 2599 is divided by 13.
12
Calculate the remainder when 81 is divided by 21.
18
Calculate the remainder when 849 is divided by 23.
21
Calculate the remainder when 54 is divided by 28.
26
What is the remainder when 118 is divided by 55?
8
Calculate the remainder when 149 is divided by 22.
17
Calculate the remainder when 636 is divided by 206.
18
Calculate the remainder when 55 is divided by 14.
13
Calculate the remainder when 3871 is divided by 23.
7
What is the remainder when 404 is divided by 29?
27
What is the remainder when 126 is divided by 19?
12
What is the remainder when 27 is divided by 11?
5
Calculate the remainder when 279 is divided by 25.
4
What is the remainder when 5101 is divided by 74?
69
What is the remainder when 1279 is divided by 65?
44
What is the remainder when 122 is divided by 63?
59
What is the remainder when 1389 is divided by 17?
12
Calculate the remainder when 186 is divided by 110.
76
What is the remainder when 9952 is divided by 1989?
7
What is the remainder when 26937 is divided by 31?
29
Calculate the remainder when 158 is divided by 78.
2
What is the remainder when 378 is divided by 48?
42
Calculate the remainder when 2648 is divided by 17.
13
What is the remainder when 574 is divided by 530?
44
Calculate the remainder when 2297 is divided by 327.
8
What is the remainder when 2441 is divided by 66?
65
What is the remainder when 6212 is divided by 19?
18
What is the remainder when 6958 is divided by 116?
114
Calculate the remainder when 51 is divided by 38.
13
Calculate the remainder when 143 is divided by 12.
11
Calculate the remainder when 1744 is divided by 433.
12
Calculate the remainder when 1764 is divided by 31.
28
Calculate the remainder when 6625 is divided by 65.
60
What is the remainder when 177 is divided by 103?
74
Calculate the remainder when 37 is divided by 27.
10
What is the remainder when 4890 is divided by 326?
0
Calculate the remainder when 587 is divided by 17.
9
Calculate the remainder when 164 is divided by 9.
2
What is the remainder when 896 is divided by 279?
59
Calculate the remainder when 1152 is divided by 15.
12
Calculate the remainder when 910 is divided by 38.
36
Calculate the remainder when 83 is divided by 42.
41
Calculate the remainder when 6666 is divided by 55.
11
Calculate the remainder when 2855 is divided by 12.
11
Calculate the remainder when 2883 is divided by 49.
41
Calculate the remainder when 7314 is divided by 77.
76
Calculate the remainder when 4109 is divided by 229.
216
What is the remainder when 6362 is divided by 7?
6
Calculate the remainder when 5926 is divided by 156.
154
What is the remainder when 225 is divided by 33?
27
What is the remainder when 28 is divided by 16?
12
Calculate the remainder when 138 is divided by 38.
24
What is the remainder when 78 is divided by 29?
20
Calculate the remainder when 217 is divided by 13.
9
What is the remainder when 625 is divided by 42?
37
Calculate the remainder when 71 is divided by 4.
3
Calculate the remainder when 478 is divided by 60.
58
Calculate the remainder when 584 is divided by 98.
94
What is the remainder when 128 is divided by 62?
4
Calculate the remainder when 1289 is divided by 254.
19
Calculate the remainder when 2596 is divided by 20.
16
Calculate the remainder when 40 is divided by 30.
10
Calculate the remainder when 54 is divided by 36.
18
What is the remainder when 1233 is divided by 21?
15
What is the remainder when 72 is divided by 40?
32
What is the remainder when 343 is divided by 113?
4
What is the remainder when 1965 is divided by 7?
5
What is the remainder when 263 is divided by 11?
10
What is the remainder when 257 is divided by 45?
32
Calculate the remainder when 160 is divided by 21.
13
Calculate the remainder when 166 is divided by 59.
48
Calculate the remainder when 851 is divided by 99.
59
What is the remainder when 349 is divided by 307?
42
Calculate the remainder when 2934 is divided by 51.
27
Calculate the remainder when 407 is divided by 145.
117
Calculate the remainder when 882 is divided by 89.
81
Calculate the remainder when 223 is divided by 64.
31
Calculate the remainder when 594 is divided by 273.
48
What is the remainder when 857 is divided by 51?
41
What is the remainder when 1781 is divided by 72?
53
What is the remainder when 1020 is divided by 94?
80
What is the remainder when 80 is divided by 14?
10
What is the remainder when 96 is divided by 26?
18
What is the remainder when 5112 is divided by 70?
2
What is the remainder when 44 is divided by 18?
8
Calculate the remainder when 2082 is divided by 27.
3
Calculate the remainder when 156 is divided by 46.
18
Calculate the remainder when 189 is divided by 56.
21
Calculate the remainder when 1635 is divided by 27.
15
What is the remainder when 7195 is divided by 40?
35
Calculate the remainder when 3237 is divided by 24.
21
Calculate the remainder when 701 is divided by 32.
29
What is the remainder when 5762 is divided by 62?
58
What is the remainder when 762 is divided by 85?
82
Calculate the remainder when 92 is divided by 8.
4
Calculate the remainder when 802 is divided by 9.
1
Calculate the remainder when 231 is divided by 13.
10
What is the remainder when 2191 is divided by 25?
16
Calculate the remainder when 115 is divided by 35.
10
What is the remainder when 649 is divided by 76?
41
Calculate the remainder when 566 is divided by 143.
137
What is the remainder when 259 is divided by 84?
7
What is the remainder when 2049 is divided by 25?
24
Calculate the remainder when 150 is divided by 17.
14
What is the remainder when 36 is divided by 30?
6
Calculate the remainder when 433 is divided by 157.
119
Calculate the remainder when 279 is divided by 20.
19
Calculate the remainder when 19175 is divided by 223.
220
What is the remainder when 65 is divided by 52?
13
What is the remainder when 401 is divided by 128?
17
What is the remainder when 648 is divided by 3?
0
What is the remainder when 2878 is divided by 32?
30
Calculate the remainder when 4385 is divided by 12.
5
What is the remainder when 2490 is divided by 53?
52
What is the remainder when 1274 is divided by 44?
42
Calculate the remainder when 393 is divided by 137.
119
Calculate the remainder when 105 is divided by 50.
5
Calculate the remainder when 620 is divided by 99.
26
What is the remainder when 144 is divided by 17?
8
Calculate the remainder when 287 is divided by 6.
5
What is the remainder when 553 is divided by 547?
6
Calculate the remainder when 435 is divided by 74.
65
What is the remainder when 1596 is divided by 94?
92
Calculate the remainder when 1103 is divided by 56.
39
What is the remainder when 324 is divided by 2?
0
What is the remainder when 186 is divided by 9?
6
Calculate the remainder when 2743 is divided by 1363.
17
What is the remainder when 111 is divided by 16?
15
What is the remainder when 2298 is divided by 47?
42
Calculate the remainder when 374 is divided by 62.
2
Calculate the remainder when 168 is divided by 69.
30
What is the remainder when 14866 is divided by 4955?
1
What is the remainder when 4092 is divided by 13?
10
What is the remainder when 328 is divided by 28?
20
Calculate the remainder when 78 is divided by 69.
9
Calculate the remainder when 159 is divided by 41.
36
What is the remainder when 344 is divided by 89?
77
What is the remainder when 521 is divided by 41?
29
Calculate the remainder when 554 is divided by 6.
2
Calculate the remainder when 1136 is divided by 20.
16
Calculate the remainder when 508 is divided by 7.
4
What is the remainder when 1717 is divided by 37?
15
What is the remainder when 2049 is divided by 1021?
7
What is the remainder when 1045 is divided by 1036?
9
Calculate the remainder when 46 is divided by 17.
12
What is the remainder when 50 is divided by 14?
8
Calculate the remainder when 45 is divided by 17.
11
Calculate the remainder when 172 is divided by 47.
31
Calculate the remainder when 145 is divided by 66.
13
Calculate the remainder when 435 